factors of 99642029?
31, 1087, 2957
What are the prime factors of 228441355?
5, 233, 196087
List the prime factors of 38677278.
2, 3, 17, 379189
List the prime factors of 303620601.
3, 101206867
List the prime factors of 100708705.
5, 67, 300623
List the prime factors of 100372400.
2, 5, 349, 719
List the prime factors of 1923863794.
2, 961931897
List the prime factors of 125812262.
2, 19, 3310849
What are the prime factors of 9203950591?
11, 1613, 518737
What are the prime factors of 809669072?
2, 50604317
List the prime factors of 15879794.
2, 7, 1134271
List the prime factors of 3142803705.
3, 5, 209520247
What are the prime factors of 11383671?
3, 13, 22453
List the prime factors of 2530078485.
3, 5, 11, 31, 494639
What are the prime factors of 897792356?
2, 43, 5219723
What are the prime factors of 84664813?
31, 47, 58109
List the prime factors of 197690309.
197690309
What are the prime factors of 293384693?
7, 41912099
List the prime factors of 7257452175.
3, 5, 3583927
List the prime factors of 90742556.
2, 19, 43, 27767
List the prime factors of 463655005.
5, 11, 19, 443689
List the prime factors of 43735603.
43735603
List the prime factors of 2502998882.
2, 53, 431, 54787
List the prime factors of 1378489475.
5, 11, 23, 19813
List the prime factors of 29254145.
5, 53, 101, 1093
List the prime factors of 144951917.
11, 1289, 10223
What are the prime factors of 19971126?
2, 3, 7, 22643
List the prime factors of 58392109.
29, 631, 3191
List the prime factors of 4356270466.
2, 269, 827, 9791
What are the prime factors of 3375702102?
2, 3, 562617017
What are the prime factors of 10805072?
2, 19, 35543
List the prime factors of 906942790.
2, 5, 13, 6976483
What are the prime factors of 45636943?
11, 4148813
List the prime factors of 114146864.
2, 13, 548783
List the prime factors of 15503684.
2, 7, 553703
What are the prime factors of 573772744?
2, 197, 364069
What are the prime factors of 1090560986?
2, 545280493
What are the prime factors of 1597627162?
2, 798813581
List the prime factors of 197047656.
2, 3, 13, 31, 6791
List the prime factors of 174337174.
2, 11, 7924417
What are the prime factors of 384896815?
5, 76979363
List the prime factors of 4560727.
4560727
List the prime factors of 64535022.
2, 3, 281, 4253
List the prime factors of 2005185120.
2, 3, 5, 4177469
What are the prime factors of 143804765?
5, 13, 29, 76289
What are the prime factors of 5592627276?
2, 3, 19, 24529067
List the prime factors of 1311156378.
2, 3, 7, 10406003
What are the prime factors of 33036245?
5, 11, 600659
List the prime factors of 115550185.
5, 1447, 15971
List the prime factors of 5180218147.
13, 1039, 383521
What are the prime factors of 191927173?
4909, 39097
What are the prime factors of 38662838?
2, 167, 115757
What are the prime factors of 178910985?
3, 5, 11, 1084309
What are the prime factors of 17943213?
3, 5981071
What are the prime factors of 100070119?
100070119
List the prime factors of 7107373.
7, 13, 83, 941
What are the prime factors of 14333679?
3, 311, 569
List the prime factors of 1073526677.
101, 719, 14783
What are the prime factors of 2644966595?
5, 47, 11255177
List the prime factors of 25099334.
2, 13, 113, 8543
What are the prime factors of 212078128?
2, 17, 779699
List the prime factors of 1702732886.
2, 17, 50080379
List the prime factors of 58646560.
2, 5, 7, 52363
List the prime factors of 7267471675.
5, 3527, 82421
List the prime factors of 963168436.
2, 240792109
What are the prime factors of 314887148?
2, 181, 434927
List the prime factors of 385137157.
71, 587, 9241
List the prime factors of 1370630958.
2, 3, 83, 2752271
List the prime factors of 30413849.
30413849
List the prime factors of 65040238.
2, 32520119
List the prime factors of 627605002.
2, 23, 1301, 10487
List the prime factors of 349695523.
349695523
List the prime factors of 86975706.
2, 3, 17, 50159
What are the prime factors of 62583978?
2, 3, 31, 47, 7159
What are the prime factors of 224857647?
3, 7, 19, 62617
What are the prime factors of 5142115871?
167, 30791113
List the prime factors of 175013405.
5, 7, 29, 172427
What are the prime factors of 27259885?
5, 907, 6011
What are the prime factors of 29408812?
2, 23, 373, 857
List the prime factors of 7224850.
2, 5, 144497
What are the prime factors of 649162715?
5, 129832543
What are the prime factors of 6412123748?
2, 5801, 276337
List the prime factors of 382180650.
2, 3, 5, 23, 110777
List the prime factors of 64386197.
347, 185551
List the prime factors of 2266725707.
19, 2659, 44867
List the prime factors of 3664513212.
2, 3, 2087, 146323
List the prime factors of 83918469.
3, 131, 213533
List the prime factors of 667267081.
13, 4793, 10709
What are the prime factors of 507414544?
2, 7, 13, 107, 3257
List the prime factors of 68698760.
2, 5, 13, 132113
List the prime factors of 3662281368.
2, 3, 79, 191, 3371
List the prime factors of 1605741646.
2, 802870823
List the prime factors of 134329137.
3, 61, 173, 4243
List the prime factors of 195480944.
2, 12217559
What are the prime factors of 2539864250?
2, 5, 7, 11, 131941
List the prime factors of 465540106.
2, 4909, 47417
List the prime factors of 299617546.
2, 149808773
List the prime factors of 74524229.
13, 29, 197677
List the prime factors of 27737972.
2, 401, 17293
What are the prime factors of 2993121?
3, 332569
What are the prime factors of 1391669069?
7, 198809867
What are the prime factors of 3333626221?
113, 29501117
What are the prime factors of 37747787?
7, 11, 59, 1187
What are the prime factors of 3398524060?
2, 5, 17, 9995659
What are the prime factors of 90366154?
2, 937, 48221
List the prime factors of 2782786.
2, 1391393
List the prime factors of 7909653.
3, 199, 13249
What are the prime factors of 651847949?
17, 38343997
List the prime factors of 203156228.
2, 11, 4617187
What are the prime factors of 336347821?
89, 593, 6373
What are the prime factors of 1293273?
3, 19, 2521
What are the prime factors of 438613523?
438613523
What are the prime factors of 1734488731?
9733, 178207
List the prime factors of 215596128.
2, 3, 11, 204163
What are the prime factors of 15721457?
127, 123791
List the prime factors of 126278697.
3, 457, 92107
List the prime factors of 586579561.
761, 770801
What are the prime factors of 816073429?
103, 7923043
List the prime factors of 382229028.
2, 3, 719, 14767
List the prime factors of 302541130.
2, 5, 30254113
List the prime factors of 8557570365.
3, 5, 223, 2558317
What are the prime factors of 337272340?
2, 5, 16863617
List the prime factors of 223564774.
2, 111782387
What are the prime factors of 833579714?
2, 11, 4127, 9181
What are the prime factors of 90025983?
3, 10002887
List the prime factors of 107099215.
5, 21419843
What are the prime factors of 36498279?
3, 179, 67967
What are the prime factors of 61208118?
2, 3, 67, 50753
List the prime factors of 215640079.
103, 883, 2371
List the prime factors of 224925743.
7, 19, 89009
List the prime factors of 249922891.
113, 2211707
What are the prime factors of 8244011757?
3, 809, 1451, 2341
What are the prime factors of 105471465?
3, 5, 11, 58111
List the prime factors of 8529920997.
3, 13, 218715923
What are the prime factors of 1356365344?
2, 42386417
What are the prime factors of 68158628?
2, 17039657
List the prime factors of 775119638.
2, 71, 191, 28579
What are the prime factors of 4245942864?
2, 3, 8237, 10739
List the prime factors of 722863294.
2, 8609, 41983
List the prime factors of 5892763067.
5892763067
List the prime factors of 46197939.
3, 41, 375593
List the prime factors of 78135363.
3, 8681707
What are the prime factors of 1106046147?
3, 113, 3262673
List the prime factors of 1542171195.
3, 5, 19, 61, 29569
What are the prime factors of 111346579?
37, 241, 12487
List the prime factors of 2418759548.
2, 3119, 193873
List the prime factors of 24960937.
3929, 6353
What are the prime factors of 258672101?
157, 337, 4889
What are the prime factors of 1212517361?
11, 167, 660053
List the prime factors of 125124792.
2, 3, 13, 29, 13829
What are the prime factors of 322548155?
5, 179, 199, 1811
What are the prime factors of 686374213?
7, 43, 173, 269
List the prime factors of 4570279621.
29, 157595849
List the prime factors of 7